ulate the greatest common factor of 1353123 and 36777.
123
What is the greatest common factor of 6468 and 1278?
6
What is the highest common factor of 1898902 and 6?
2
What is the greatest common factor of 640 and 11158240?
160
What is the highest common factor of 1460418 and 254?
2
Calculate the greatest common factor of 3500210 and 62.
62
Calculate the greatest common divisor of 903 and 80046822.
129
What is the highest common divisor of 6794326 and 154?
154
Calculate the greatest common divisor of 380402 and 6875.
11
What is the greatest common divisor of 304 and 70015304?
152
What is the highest common factor of 60 and 1468884?
12
Calculate the highest common factor of 16548 and 1856528.
788
What is the highest common factor of 108 and 9464031?
9
Calculate the greatest common divisor of 4860 and 8839260.
540
Calculate the greatest common divisor of 43075200 and 800.
800
What is the highest common divisor of 105152 and 1843136?
1984
Calculate the greatest common divisor of 11714562 and 24393.
141
Calculate the greatest common factor of 35 and 71871457.
7
Calculate the greatest common factor of 3795536 and 130464.
2416
What is the highest common factor of 1668632 and 88312?
4648
Calculate the highest common divisor of 62165518 and 5585.
1117
What is the greatest common divisor of 711261 and 21627?
243
What is the highest common factor of 285 and 34493145?
15
What is the highest common factor of 103782 and 2710687?
2471
Calculate the greatest common divisor of 9951 and 218271.
93
Calculate the greatest common divisor of 29064 and 12808747.
1211
What is the highest common factor of 1 and 3378211?
1
What is the highest common divisor of 60 and 121689?
3
What is the highest common factor of 663684744 and 8592?
4296
What is the greatest common divisor of 161 and 100141034?
161
What is the highest common factor of 67179008 and 13312?
6656
Calculate the greatest common divisor of 78220695 and 420.
105
Calculate the greatest common divisor of 23256 and 1270872.
1368
Calculate the greatest common factor of 800 and 3750800.
400
Calculate the greatest common factor of 29751 and 942444.
141
Calculate the highest common divisor of 5609636 and 620.
124
Calculate the highest common factor of 49556 and 3289.
13
What is the greatest common factor of 3 and 291929?
1
Calculate the highest common factor of 4267984 and 343440.
848
Calculate the highest common divisor of 476 and 15659756.
28
Calculate the highest common divisor of 205332 and 1200.
12
Calculate the highest common divisor of 2135 and 33907440.
35
Calculate the highest common factor of 99187060 and 140.
140
Calculate the highest common divisor of 170630625 and 33.
33
Calculate the greatest common divisor of 807 and 52985199.
807
What is the highest common divisor of 2696 and 250945028?
1348
Calculate the highest common divisor of 34998 and 29184.
114
Calculate the highest common factor of 75128493 and 86064.
5379
What is the highest common divisor of 23201184 and 96?
96
Calculate the highest common divisor of 1291320 and 2030242.
7174
Calculate the greatest common divisor of 631321 and 177496.
2017
Calculate the greatest common factor of 159 and 7539621.
159
Calculate the highest common factor of 745376 and 5568.
32
What is the highest common factor of 82 and 1697050?
2
What is the highest common divisor of 8084 and 31604398?
4042
Calculate the greatest common factor of 153324 and 1881.
9
Calculate the highest common divisor of 73979 and 783.
29
Calculate the greatest common divisor of 1045 and 23791325.
95
What is the highest common factor of 147474 and 318?
6
What is the highest common factor of 360 and 41601960?
360
What is the greatest common divisor of 2535201 and 64539?
909
What is the greatest common factor of 258062508 and 4?
4
Calculate the greatest common divisor of 862476664 and 10864.
5432
Calculate the highest common divisor of 315 and 11415033.
63
What is the greatest common factor of 26133 and 421011?
93
Calculate the greatest common divisor of 261 and 68277745.
29
What is the highest common divisor of 136 and 16423156?
68
Calculate the highest common factor of 327 and 11775597.
327
What is the highest common factor of 637 and 15119?
13
What is the greatest common divisor of 255 and 311763?
51
What is the highest common divisor of 937980 and 142479?
81
What is the greatest common factor of 9326498 and 8?
2
What is the greatest common factor of 5326 and 1009277?
2663
Calculate the greatest common factor of 2318 and 492423.
19
Calculate the greatest common factor of 1949745 and 21.
21
Calculate the greatest common divisor of 466796 and 103444.
44
Calculate the highest common divisor of 540 and 20135000.
20
What is the highest common divisor of 11 and 113983661?
11
What is the greatest common divisor of 563376 and 37092?
132
Calculate the highest common factor of 30292732 and 8.
4
Calculate the greatest common factor of 4385459355 and 2955.
2955
What is the highest common factor of 690456 and 30264?
312
Calculate the greatest common divisor of 145 and 2874219.
29
Calculate the greatest common divisor of 77903 and 12524.
31
Calculate the highest common divisor of 8202540 and 2580.
60
Calculate the greatest common factor of 18250650 and 550.
550
Calculate the highest common divisor of 15 and 3200045.
5
Calculate the greatest common divisor of 681189 and 536.
67
Calculate the highest common factor of 1011 and 122653172.
337
What is the highest common factor of 112918107 and 14269?
751
What is the greatest common factor of 2360 and 144699860?
1180
Calculate the greatest common factor of 2338235 and 734464.
2869
What is the highest common divisor of 238700 and 1803725?
1925
Calculate the highest common factor of 2266486 and 22383.
829
Calculate the greatest common divisor of 424112 and 27950.
26
What is the greatest common divisor of 8360 and 88446710?
2090
What is the highest common factor of 217791066 and 177?
177
What is the greatest common divisor of 20877315 and 39240?
1635
Calculate the highest common divisor of 44096 and 1602932.
212
What is the highest common factor of 45386308 and 484?
44
What is the greatest common factor of 99 and 135879150?
33
Calculate the highest common divisor of 10008243 and 1127.
161
What is the greatest common divisor of 20 and 4328864?
4
Calculate the highest common factor of 5216098 and 2.
2
What is the greatest common divisor of 5304251 and 4947?
97
Calculate the greatest common divisor of 575498140 and 6027.
2009
What is the greatest common factor of 605 and 27285621?
121
Calculate the greatest common factor of 1105999560 and 75.
15
What is the greatest common factor of 9829420 and 272840?
7180
Calculate the highest common divisor of 11575008 and 513.
27
What is the highest common factor of 2257129 and 1246?
623
What is the greatest common divisor of 11649211 and 1519?
1519
What is the highest common divisor of 23573 and 889345?
2143
What is the greatest common divisor of 2608419 and 33?
33
What is the greatest common divisor of 44776696 and 24?
8
What is the greatest common factor of 590848 and 277504?
1024
What is the greatest common divisor of 26690 and 43677080?
170
What is the greatest common factor of 4317 and 9429767?
1439
What is the highest common divisor of 1647 and 61?
61
What is the highest common divisor of 27048929 and 18736?
1171
What is the highest common factor of 149943 and 136806?
453
What is the greatest common divisor of 8875 and 133047965?
355
Calculate the highest common divisor of 10274388 and 3936.
12
Calculate the highest common divisor of 1000910 and 14948.
202
What is the greatest common factor of 56415 and 324?
3
What is the highest common factor of 3597 and 69929277?
3597
Calculate the highest common divisor of 66 and 4638234.
6
Calculate the highest common factor of 62977 and 3477927.
887
What is the greatest common factor of 6266 and 936611?
13
What is the highest common divisor of 791405 and 63080?
415
Calculate the greatest common divisor of 79296 and 2235072.
1344
What is the highest common factor of 83170 and 36960?
10
Calculate the highest common divisor of 531469284 and 113.
113
Calculate the highest common divisor of 110606 and 3154178.
3814
What is the greatest common factor of 75 and 5334393?
3
Calculate the 